lse
Is 1483838563 composite?
True
Is 566166109 a composite number?
False
Is 13874698039 a composite number?
False
Is 292675697 prime?
True
Is 8026733837 a composite number?
True
Is 1294346422 composite?
True
Is 80274720583 composite?
True
Is 2386157321 a composite number?
False
Is 32694053839 composite?
True
Is 84042089 a prime number?
False
Is 15635270897 a composite number?
False
Is 137842637639 a prime number?
False
Is 239421433 a composite number?
False
Is 16560167339 a prime number?
True
Is 15064566679 prime?
True
Is 1267518319 a composite number?
True
Is 111614314541 a composite number?
True
Is 48573225949 a prime number?
False
Is 478606649 composite?
True
Is 269468765 a prime number?
False
Is 458516831 composite?
True
Is 23644969057 composite?
True
Is 7507458877 a prime number?
False
Is 36389203469 composite?
False
Is 105308171 composite?
False
Is 4327990877 composite?
True
Is 24883638665 prime?
False
Is 12770883899 a prime number?
True
Is 1261303307 a composite number?
True
Is 8771263705 a prime number?
False
Is 535637738 prime?
False
Is 552222799 a composite number?
False
Is 1654641497 composite?
False
Is 76840395997 a composite number?
False
Is 3101883229 a prime number?
False
Is 1094496959 prime?
True
Is 1426434409 composite?
True
Is 8500949621 prime?
False
Is 20592007721 a prime number?
True
Is 454899553 composite?
True
Is 19989934247 prime?
True
Is 42911909137 a composite number?
True
Is 38998176097 a prime number?
False
Is 99186199 a prime number?
False
Is 8266228123 a composite number?
True
Is 3139635809 a prime number?
True
Is 1673831569 prime?
True
Is 6090840617 a composite number?
False
Is 359606411 prime?
False
Is 370162901 composite?
True
Is 4651498963 a prime number?
False
Is 805449419 a prime number?
True
Is 160432729 composite?
False
Is 178307891 prime?
False
Is 36105185 a composite number?
True
Is 2016620549 a composite number?
False
Is 36378174109 composite?
True
Is 14129387267 a prime number?
False
Is 9829735459 composite?
False
Is 417225973 composite?
True
Is 3477631 composite?
False
Is 84470485807 a composite number?
False
Is 3154262947 a prime number?
False
Is 31805709097 a composite number?
False
Is 275945897 a composite number?
False
Is 31864657141 a composite number?
False
Is 62174451551 composite?
True
Is 24683433103 prime?
False
Is 7192609057 a composite number?
True
Is 151384921193 composite?
True
Is 46680211133 a composite number?
False
Is 576348407 a composite number?
True
Is 706797671 prime?
True
Is 811653341 a composite number?
True
Is 1162579487 a composite number?
False
Is 1685796269 prime?
True
Is 26522281 a prime number?
False
Is 737829353 a composite number?
True
Is 44833079 prime?
True
Is 32950772861 a composite number?
False
Is 3203186789 a composite number?
True
Is 816030793 prime?
False
Is 4957265407 a composite number?
False
Is 8603514407 composite?
False
Is 5029115563 a prime number?
True
Is 9609091 composite?
True
Is 2069682127 prime?
True
Is 24347011517 prime?
False
Is 89017385993 a composite number?
False
Is 24609473 composite?
True
Is 17066107207 prime?
False
Is 4417444457 a composite number?
False
Is 322218167 composite?
False
Is 256114711 a prime number?
True
Is 1227193549 composite?
False
Is 526057381 a prime number?
False
Is 401805329 a composite number?
False
Is 775868011 composite?
False
Is 557531537 composite?
False
Is 10875139711 composite?
False
Is 11349343879 a prime number?
True
Is 111442081 a composite number?
False
Is 2737131653 prime?
True
Is 352435573 composite?
True
Is 106322421703 a prime number?
True
Is 406271953 a composite number?
True
Is 3944349179 composite?
False
Is 34183010791 composite?
False
Is 155287829 composite?
False
Is 44116091977 composite?
True
Is 1012482923 a prime number?
False
Is 2941663294 a composite number?
True
Is 743639363 prime?
False
Is 2757176465 prime?
False
Is 1331335829 prime?
False
Is 4090930499 prime?
False
Is 1712812327 a prime number?
True
Is 10561692437 prime?
False
Is 116675079011 a prime number?
True
Is 817041387 a prime number?
False
Is 36477495317 composite?
False
Is 6062289053 prime?
True
Is 39140399 prime?
False
Is 2909965913 composite?
False
Is 4314722647 a composite number?
False
Is 3285522959 composite?
True
Is 825388969 a composite number?
True
Is 15163396421 prime?
False
Is 10088380613 a prime number?
True
Is 327471149 composite?
False
Is 1233594289 a prime number?
False
Is 30507754163 prime?
True
Is 7834224467 prime?
False
Is 3428182139 a composite number?
False
Is 9244514017 prime?
True
Is 32342392199 composite?
True
Is 78797479 prime?
True
Is 45887666119 a composite number?
True
Is 10605299527 a prime number?
True
Is 22773491849 a prime number?
False
Is 947183711 prime?
False
Is 10631773909 prime?
True
Is 1138182959 a composite number?
False
Is 74774211451 composite?
False
Is 707949029 prime?
True
Is 2957630309 prime?
False
Is 1856082829 prime?
False
Is 1960171877 prime?
True
Is 810730433 composite?
True
Is 5456748403 a prime number?
True
Is 579899459 a prime number?
False
Is 91790936771 a prime number?
False
Is 490924433 a composite number?
False
Is 33098134813 prime?
True
Is 623396437 a composite number?
True
Is 572763749 a composite number?
False
Is 17668837003 a composite number?
False
Is 39565962319 a prime number?
False
Is 6015046127 a composite number?
False
Is 30906979 a composite number?
False
Is 19118729027 a composite number?
False
Is 240229459 composite?
False
Is 141291991 composite?
False
Is 34887846967 a prime number?
False
Is 44497276111 prime?
True
Is 95973781 a prime number?
False
Is 172064806469 a composite number?
False
Is 1356888419 composite?
True
Is 21165476723 prime?
False
Is 16374037 composite?
False
Is 17841244991 composite?
False
Is 16281476609 prime?
True
Is 5687210377 composite?
True
Is 1638062593 a prime number?
False
Is 2508300281 a prime number?
False
Is 2418856667 a prime number?
False
Is 7099552181 a prime number?
True
Is 10847744339 a prime number?
True
Is 6003135943 prime?
False
Is 14686687507 a prime number?
False
Is 9594797605 composite?
True
Is 7486080289 a composite number?
True
Is 8657287707 composite?
True
Is 6177960511 a composite number?
True
Is 8347110589 prime?
False
Is 6091528277 a composite number?
False
Is 1722033847 a composite number?
False
Is 6676590983 prime?
False
Is 2194473599 prime?
True
Is 3054871759 a prime number?
False
Is 4749426949 composite?
False
Is 193567853 a composite number?
False
Is 519966149 a prime number?
False
Is 1425362797 a composite number?
False
Is 10109463989 prime?
True
Is 5569291727 prime?
True
Is 43889132899 a composite number?
False
Is 1168450237 a prime number?
True
Is 2329392467 composite?
True
Is 241065361 a composite number?
False
Is 72481983899 prime?
False
Is 47353105829 a composite number?
False
Is 155062261 a prime number?
False
Is 44642062651 prime?
True
Is 1139931517 prime?
True
Is 510080161 a prime number?
True
Is 8116529749 prime?
True
Is 14824125361 prime?
True
Is 267180946613 prime?
False
Is 42749014241 a prime number?
False
Is 114333097 a composite number?
False
Is 1335007 a prime number?
True
Is 30045399533 a composite number?
True
Is 1784132989 a prime number?
False
Is 12762062779 a prime number?
False
Is 1404510053 prime?
False
Is 11083347773 a composite number?
False
Is 1091486107 prime?
False
Is 43215461 composite?
False
Is 697017947 a composite number?
False
Is 23883915839 a composite number?
True
Is 10973964241 composite?
True
Is 10093118579 a prime number?
False
Is 5788445933 a composite number?
True
Is 558764029 a prime number?
False
Is 3339012641 composite?
False
Is 12348654349 a composite number?
True
Is 29594895193 prime?
False
Is 21055326541 a composite number?
False
Is 19549569701 a composite number?
True
Is 1097413351 a prime number?
True
Is 4439161939 prime?
True
Is 102437603489 composite?
True
Is 196958149 prime?
False
Is 122766582179 prime?
False
Is 8236143967 a prime number?
False
Is 2060928543 a prime number?
False
Is 19716509567 composite?
False
Is 113089349 composite?
True
Is 50510107 a composite number?
False
Is 2118991823 composite?
True
Is 802512341 a composite number?
False
Is 683121739 a prime number?
True
Is 549949174 prime?
False
Is 64569605 a prime number?
False
Is 190374406133 a composite number?
